{"id":15,"date":"2014-03-09T22:52:28","date_gmt":"2014-03-09T21:52:28","guid":{"rendered":"http:\/\/www.slovenci-zagreb.hr\/si\/?page_id=15"},"modified":"2026-04-21T12:21:42","modified_gmt":"2026-04-21T10:21:42","slug":"clani-sveta","status":"publish","type":"page","link":"http:\/\/www.slovenci-zagreb.hr\/si\/clani-sveta\/","title":{"rendered":"\u010clani Sveta"},"content":{"rendered":"<p>Po popisu prebivalstva iz leta 2021, Svet slovenske nacionalne manj\u0161ine Mesta Zagreb predstavlja 1312 pripadnikov slovenske nacionalne manj\u0161ine v Mestu Zagreb. 7. maja 2023 (ko so bile volitve) je bilo v volilni seznam vpisano 1535 pripadnikov slovenske nacionalne manj\u0161ine.<\/p>\n<p>Svet \u0161teje 25 \u010dlanov, ki so izvoljeni na volitvah 7. maja 20239. Ustanovna seja Sveta je bila 16. junija 2023 v mestni vladi. Za predsednika Sveta so \u010dlani Sveta soglasno izbrali Darka \u0160onca, za njegovega namestnika pa prav tako soglasno Silvestra Kmeti\u0107a. Sejo je odprl namestnik zagreb\u0161kega \u017eupana Luka Korlaet.<\/p>\n<p>\u010clani Sveta slovenske nacionalne manj\u0161ine Mesta Zagreb \u2013 \u0161esti mandat (2023-2027): <strong>Miroslava\u2013Maria Bahun, Marja Crnkovi\u0107, Hedvika \u0106erani\u0107, Marjan Dirnbek, Katarina Furjan <\/strong>(umrla),<strong> Andreja Guli\u010d,\u00a0 Borut Guli\u010d, Nikolina Herak, Stanka Herak, Luka Hribar, Polona Jurini\u0107 <\/strong>(umrla),<strong> Silvester Kmeti\u0107, Alojz Kramar <\/strong>(umrl),<strong> Ivan Kunej <\/strong>(umrl), <strong>Marija Ana Nemec <\/strong>(umrla),<strong> Rolando Nik\u010devi\u0107, Stanka Novkovi\u0107, Martina Oblak Pehnec, Nada Rapotec-Rogulj, Franc Rop, Darko \u0160onc, Irena \u0160onc, Olga Tkal\u010dec <\/strong>(umrla)<strong>, Vasilija Tovarlo\u017ea, Marjeta Trkman Kravar<\/strong><\/p>\n<p>Predsednik Sveta: Darko \u0160onc<\/p>\n<p>Namestnik predsednika Sveta: Silvester Kmeti\u0107<\/p>\n<p>Oseba za kontakt: Agata Klinar Medakovi\u0107<\/p>\n<p style=\"text-align: center\"><a href=\"http:\/\/www.slovenci-zagreb.hr\/si\/wp-content\/uploads\/sites\/2\/2014\/03\/USTANOVNA-SEJA-SSNM-MZ-za-web.jpg\"><img decoding=\"async\" class=\"aligncenter size-full wp-image-6317\" src=\"http:\/\/www.slovenci-zagreb.hr\/si\/wp-content\/uploads\/sites\/2\/2014\/03\/USTANOVNA-SEJA-SSNM-MZ-za-web.jpg\" alt=\"\" width=\"700\" height=\"466\" srcset=\"http:\/\/www.slovenci-zagreb.hr\/si\/wp-content\/uploads\/sites\/2\/2014\/03\/USTANOVNA-SEJA-SSNM-MZ-za-web-200x133.jpg 200w, http:\/\/www.slovenci-zagreb.hr\/si\/wp-content\/uploads\/sites\/2\/2014\/03\/USTANOVNA-SEJA-SSNM-MZ-za-web-300x200.jpg 300w, http:\/\/www.slovenci-zagreb.hr\/si\/wp-content\/uploads\/sites\/2\/2014\/03\/USTANOVNA-SEJA-SSNM-MZ-za-web-400x266.jpg 400w, http:\/\/www.slovenci-zagreb.hr\/si\/wp-content\/uploads\/sites\/2\/2014\/03\/USTANOVNA-SEJA-SSNM-MZ-za-web-600x399.jpg 600w, http:\/\/www.slovenci-zagreb.hr\/si\/wp-content\/uploads\/sites\/2\/2014\/03\/USTANOVNA-SEJA-SSNM-MZ-za-web.jpg 700w\" sizes=\"(max-width: 700px) 100vw, 700px\" \/><\/a>\u00a0\u00a0\u00a0 \u010clani Sveta na ustanovni seji. Foto: Denk \/ MZ<\/p>\n<p>Naslov:\u00a0<strong>Remetine\u010dka cesta 77 b, HR-10000 Zagreb<\/strong><\/p>\n<p><i class=\"fa fontawesome-icon fa-phone circle-no\"><\/i>Telefon: \u00a0<strong>+385 (0) 1 6525-973<\/strong><\/p>\n<p><i class=\"fa fontawesome-icon fa-fax circle-no\"><\/i>\u00a0Fax:\u00a0<strong>+385 (0) 1 6525-979<\/strong><\/p>\n<p><i class=\"fa fontawesome-icon fa-envelope-o circle-no\"><\/i>\u00a0E-po\u0161ta:\u00a0<strong>slovenci.zagreb@zg.t-com.hr<\/strong><\/p>\n<p>&nbsp;<\/p>\n<p>&nbsp;<\/p>\n<p>&nbsp;<\/p>\n","protected":false},"excerpt":{"rendered":"<p>Po popisu prebivalstva iz leta 2021, Svet slovenske nacionalne manj\u0161ine Mesta Zagreb predstavlja 1312 pripadnikov slovenske nacionalne manj\u0161ine v Mestu Zagreb. 7. maja 2023 (ko so bile volitve) je bilo v volilni seznam vpisano 1535 pripadnikov slovenske nacionalne manj\u0161ine. Svet \u0161teje 25 \u010dlanov, ki so izvoljeni na volitvah 7. maja 20239. Ustanovna seja Sveta je [&hellip;]<\/p>\n","protected":false},"author":1,"featured_media":0,"parent":0,"menu_order":0,"comment_status":"closed","ping_status":"open","template":"","meta":{"footnotes":""},"yoast_head":"<!-- This site is optimized with the Yoast SEO plugin v22.0 - https:\/\/yoast.com\/wordpress\/plugins\/seo\/ -->\n<title>\u010clani Sveta | Slovenski dom in Svet slovenske nacionalne manj\u0161ine Mesta Zagreb<\/title>\n<meta name=\"robots\" content=\"index, follow, max-snippet:-1, max-image-preview:large, max-video-preview:-1\" \/>\n<link rel=\"canonical\" href=\"http:\/\/www.slovenci-zagreb.hr\/si\/clani-sveta\/\" \/>\n<meta property=\"og:locale\" content=\"sl_SI\" \/>\n<meta property=\"og:type\" content=\"article\" \/>\n<meta property=\"og:title\" content=\"\u010clani Sveta | Slovenski dom in Svet slovenske nacionalne manj\u0161ine Mesta Zagreb\" \/>\n<meta property=\"og:description\" content=\"Po popisu prebivalstva iz leta 2021, Svet slovenske nacionalne manj\u0161ine Mesta Zagreb predstavlja 1312 pripadnikov slovenske nacionalne manj\u0161ine v Mestu Zagreb. 7. maja 2023 (ko so bile volitve) je bilo v volilni seznam vpisano 1535 pripadnikov slovenske nacionalne manj\u0161ine. Svet \u0161teje 25 \u010dlanov, ki so izvoljeni na volitvah 7. maja 20239. Ustanovna seja Sveta je [&hellip;]\" \/>\n<meta property=\"og:url\" content=\"http:\/\/www.slovenci-zagreb.hr\/si\/clani-sveta\/\" \/>\n<meta property=\"og:site_name\" content=\"Slovenski dom in Svet slovenske nacionalne manj\u0161ine Mesta Zagreb\" \/>\n<meta property=\"article:modified_time\" content=\"2026-04-21T10:21:42+00:00\" \/>\n<meta property=\"og:image\" content=\"http:\/\/www.slovenci-zagreb.hr\/si\/wp-content\/uploads\/sites\/2\/2014\/03\/USTANOVNA-SEJA-SSNM-MZ-za-web.jpg\" \/>\n<meta name=\"twitter:label1\" content=\"Est. reading time\" \/>\n\t<meta name=\"twitter:data1\" content=\"2 minuti\" \/>\n<script type=\"application\/ld+json\" class=\"yoast-schema-graph\">{\"@context\":\"https:\/\/schema.org\",\"@graph\":[{\"@type\":\"WebPage\",\"@id\":\"http:\/\/www.slovenci-zagreb.hr\/si\/clani-sveta\/\",\"url\":\"http:\/\/www.slovenci-zagreb.hr\/si\/clani-sveta\/\",\"name\":\"\u010clani Sveta | Slovenski dom in Svet slovenske nacionalne manj\u0161ine Mesta Zagreb\",\"isPartOf\":{\"@id\":\"http:\/\/www.slovenci-zagreb.hr\/si\/#website\"},\"datePublished\":\"2014-03-09T21:52:28+00:00\",\"dateModified\":\"2026-04-21T10:21:42+00:00\",\"breadcrumb\":{\"@id\":\"http:\/\/www.slovenci-zagreb.hr\/si\/clani-sveta\/#breadcrumb\"},\"inLanguage\":\"sl-SI\",\"potentialAction\":[{\"@type\":\"ReadAction\",\"target\":[\"http:\/\/www.slovenci-zagreb.hr\/si\/clani-sveta\/\"]}]},{\"@type\":\"BreadcrumbList\",\"@id\":\"http:\/\/www.slovenci-zagreb.hr\/si\/clani-sveta\/#breadcrumb\",\"itemListElement\":[{\"@type\":\"ListItem\",\"position\":1,\"name\":\"Home\",\"item\":\"http:\/\/www.slovenci-zagreb.hr\/si\/\"},{\"@type\":\"ListItem\",\"position\":2,\"name\":\"\u010clani Sveta\"}]},{\"@type\":\"WebSite\",\"@id\":\"http:\/\/www.slovenci-zagreb.hr\/si\/#website\",\"url\":\"http:\/\/www.slovenci-zagreb.hr\/si\/\",\"name\":\"Slovenski dom in Svet slovenske nacionalne manj\u0161ine Mesta Zagreb\",\"description\":\"\",\"potentialAction\":[{\"@type\":\"SearchAction\",\"target\":{\"@type\":\"EntryPoint\",\"urlTemplate\":\"http:\/\/www.slovenci-zagreb.hr\/si\/?s={search_term_string}\"},\"query-input\":\"required name=search_term_string\"}],\"inLanguage\":\"sl-SI\"}]}<\/script>\n<!-- \/ Yoast SEO plugin. -->","yoast_head_json":{"title":"\u010clani Sveta | Slovenski dom in Svet slovenske nacionalne manj\u0161ine Mesta Zagreb","robots":{"index":"index","follow":"follow","max-snippet":"max-snippet:-1","max-image-preview":"max-image-preview:large","max-video-preview":"max-video-preview:-1"},"canonical":"http:\/\/www.slovenci-zagreb.hr\/si\/clani-sveta\/","og_locale":"sl_SI","og_type":"article","og_title":"\u010clani Sveta | Slovenski dom in Svet slovenske nacionalne manj\u0161ine Mesta Zagreb","og_description":"Po popisu prebivalstva iz leta 2021, Svet slovenske nacionalne manj\u0161ine Mesta Zagreb predstavlja 1312 pripadnikov slovenske nacionalne manj\u0161ine v Mestu Zagreb. 7. maja 2023 (ko so bile volitve) je bilo v volilni seznam vpisano 1535 pripadnikov slovenske nacionalne manj\u0161ine. Svet \u0161teje 25 \u010dlanov, ki so izvoljeni na volitvah 7. maja 20239. Ustanovna seja Sveta je [&hellip;]","og_url":"http:\/\/www.slovenci-zagreb.hr\/si\/clani-sveta\/","og_site_name":"Slovenski dom in Svet slovenske nacionalne manj\u0161ine Mesta Zagreb","article_modified_time":"2026-04-21T10:21:42+00:00","og_image":[{"url":"http:\/\/www.slovenci-zagreb.hr\/si\/wp-content\/uploads\/sites\/2\/2014\/03\/USTANOVNA-SEJA-SSNM-MZ-za-web.jpg"}],"twitter_misc":{"Est. reading time":"2 minuti"},"schema":{"@context":"https:\/\/schema.org","@graph":[{"@type":"WebPage","@id":"http:\/\/www.slovenci-zagreb.hr\/si\/clani-sveta\/","url":"http:\/\/www.slovenci-zagreb.hr\/si\/clani-sveta\/","name":"\u010clani Sveta | Slovenski dom in Svet slovenske nacionalne manj\u0161ine Mesta Zagreb","isPartOf":{"@id":"http:\/\/www.slovenci-zagreb.hr\/si\/#website"},"datePublished":"2014-03-09T21:52:28+00:00","dateModified":"2026-04-21T10:21:42+00:00","breadcrumb":{"@id":"http:\/\/www.slovenci-zagreb.hr\/si\/clani-sveta\/#breadcrumb"},"inLanguage":"sl-SI","potentialAction":[{"@type":"ReadAction","target":["http:\/\/www.slovenci-zagreb.hr\/si\/clani-sveta\/"]}]},{"@type":"BreadcrumbList","@id":"http:\/\/www.slovenci-zagreb.hr\/si\/clani-sveta\/#breadcrumb","itemListElement":[{"@type":"ListItem","position":1,"name":"Home","item":"http:\/\/www.slovenci-zagreb.hr\/si\/"},{"@type":"ListItem","position":2,"name":"\u010clani Sveta"}]},{"@type":"WebSite","@id":"http:\/\/www.slovenci-zagreb.hr\/si\/#website","url":"http:\/\/www.slovenci-zagreb.hr\/si\/","name":"Slovenski dom in Svet slovenske nacionalne manj\u0161ine Mesta Zagreb","description":"","potentialAction":[{"@type":"SearchAction","target":{"@type":"EntryPoint","urlTemplate":"http:\/\/www.slovenci-zagreb.hr\/si\/?s={search_term_string}"},"query-input":"required name=search_term_string"}],"inLanguage":"sl-SI"}]}},"_links":{"self":[{"href":"http:\/\/www.slovenci-zagreb.hr\/si\/wp-json\/wp\/v2\/pages\/15"}],"collection":[{"href":"http:\/\/www.slovenci-zagreb.hr\/si\/wp-json\/wp\/v2\/pages"}],"about":[{"href":"http:\/\/www.slovenci-zagreb.hr\/si\/wp-json\/wp\/v2\/types\/page"}],"author":[{"embeddable":true,"href":"http:\/\/www.slovenci-zagreb.hr\/si\/wp-json\/wp\/v2\/users\/1"}],"replies":[{"embeddable":true,"href":"http:\/\/www.slovenci-zagreb.hr\/si\/wp-json\/wp\/v2\/comments?post=15"}],"version-history":[{"count":24,"href":"http:\/\/www.slovenci-zagreb.hr\/si\/wp-json\/wp\/v2\/pages\/15\/revisions"}],"predecessor-version":[{"id":7746,"href":"http:\/\/www.slovenci-zagreb.hr\/si\/wp-json\/wp\/v2\/pages\/15\/revisions\/7746"}],"wp:attachment":[{"href":"http:\/\/www.slovenci-zagreb.hr\/si\/wp-json\/wp\/v2\/media?parent=15"}],"curies":[{"name":"wp","href":"https:\/\/api.w.org\/{rel}","templated":true}]}}

Člani Sveta

<p>Po popisu prebivalstva iz leta 2021, Svet slovenske nacionalne manjšine Mesta Zagreb predstavlja 1312 pripadnikov slovenske nacionalne manjšine v Mestu Zagreb. 7. maja 2023 (ko so bile volitve) je bilo v volilni seznam vpisano 1535 pripadnikov slovenske nacionalne manjšine.</p>
<p>Svet šteje 25 članov, ki so izvoljeni na volitvah 7. maja 20239. Ustanovna seja Sveta je bila 16. junija 2023 v mestni vladi. Za predsednika Sveta so člani Sveta soglasno izbrali Darka Šonca, za njegovega namestnika pa prav tako soglasno Silvestra Kmetića. Sejo je odprl namestnik zagrebškega župana Luka Korlaet.</p>
<p>Člani Sveta slovenske nacionalne manjšine Mesta Zagreb – šesti mandat (2023-2027): <strong>Miroslava–Maria Bahun, Marja Crnković, Hedvika Ćeranić, Marjan Dirnbek, Katarina Furjan </strong>(umrla),<strong> Andreja Gulič,  Borut Gulič, Nikolina Herak, Stanka Herak, Luka Hribar, Polona Jurinić </strong>(umrla),<strong> Silvester Kmetić, Alojz Kramar </strong>(umrl),<strong> Ivan Kunej </strong>(umrl), <strong>Marija Ana Nemec </strong>(umrla),<strong> Rolando Nikčević, Stanka Novković, Martina Oblak Pehnec, Nada Rapotec-Rogulj, Franc Rop, Darko Šonc, Irena Šonc, Olga Tkalčec </strong>(umrla)<strong>, Vasilija Tovarloža, Marjeta Trkman Kravar</strong></p>
<p>Predsednik Sveta: Darko Šonc</p>
<p>Namestnik predsednika Sveta: Silvester Kmetić</p>
<p>Oseba za kontakt: Agata Klinar Medaković</p>
<p style="text-align: center"><a href="http://www.slovenci-zagreb.hr/si/wp-content/uploads/sites/2/2014/03/USTANOVNA-SEJA-SSNM-MZ-za-web.jpg"><img decoding="async" class="aligncenter size-full wp-image-6317" src="http://www.slovenci-zagreb.hr/si/wp-content/uploads/sites/2/2014/03/USTANOVNA-SEJA-SSNM-MZ-za-web.jpg" alt="" width="700" height="466" srcset="http://www.slovenci-zagreb.hr/si/wp-content/uploads/sites/2/2014/03/USTANOVNA-SEJA-SSNM-MZ-za-web-200x133.jpg 200w, http://www.slovenci-zagreb.hr/si/wp-content/uploads/sites/2/2014/03/USTANOVNA-SEJA-SSNM-MZ-za-web-300x200.jpg 300w, http://www.slovenci-zagreb.hr/si/wp-content/uploads/sites/2/2014/03/USTANOVNA-SEJA-SSNM-MZ-za-web-400x266.jpg 400w, http://www.slovenci-zagreb.hr/si/wp-content/uploads/sites/2/2014/03/USTANOVNA-SEJA-SSNM-MZ-za-web-600x399.jpg 600w, http://www.slovenci-zagreb.hr/si/wp-content/uploads/sites/2/2014/03/USTANOVNA-SEJA-SSNM-MZ-za-web.jpg 700w" sizes="(max-width: 700px) 100vw, 700px" /></a>    Člani Sveta na ustanovni seji. Foto: Denk / MZ</p>
<p>Naslov: <strong>Remetinečka cesta 77 b, HR-10000 Zagreb</strong></p>
<p><i class="fa fontawesome-icon fa-phone circle-no"></i>Telefon:  <strong>+385 (0) 1 6525-973</strong></p>
<p><i class="fa fontawesome-icon fa-fax circle-no"></i> Fax: <strong>+385 (0) 1 6525-979</strong></p>
<p><i class="fa fontawesome-icon fa-envelope-o circle-no"></i> E-pošta: <strong>slovenci.zagreb@zg.t-com.hr</strong></p>
<p>&nbsp;</p>
<p>&nbsp;</p>
<p>&nbsp;</p>

<p>Po popisu prebivalstva iz leta 2021, Svet slovenske nacionalne manjšine Mesta Zagreb predstavlja 1312 pripadnikov slovenske nacionalne manjšine v Mestu Zagreb. 7. maja 2023 (ko so bile volitve) je bilo v volilni seznam vpisano 1535 pripadnikov slovenske nacionalne manjšine. Svet šteje 25 članov, ki so izvoljeni na volitvah 7. maja 20239. Ustanovna seja Sveta je [&hellip;]</p>

<!-- This site is optimized with the Yoast SEO plugin v22.0 - https://yoast.com/wordpress/plugins/seo/ -->
<title>Člani Sveta | Slovenski dom in Svet slovenske nacionalne manjšine Mesta Zagreb</title>
<meta name="robots" content="index, follow, max-snippet:-1, max-image-preview:large, max-video-preview:-1" />
<link rel="canonical" href="http://www.slovenci-zagreb.hr/si/clani-sveta/" />
<meta property="og:locale" content="sl_SI" />
<meta property="og:type" content="article" />
<meta property="og:title" content="Člani Sveta | Slovenski dom in Svet slovenske nacionalne manjšine Mesta Zagreb" />
<meta property="og:description" content="Po popisu prebivalstva iz leta 2021, Svet slovenske nacionalne manjšine Mesta Zagreb predstavlja 1312 pripadnikov slovenske nacionalne manjšine v Mestu Zagreb. 7. maja 2023 (ko so bile volitve) je bilo v volilni seznam vpisano 1535 pripadnikov slovenske nacionalne manjšine. Svet šteje 25 članov, ki so izvoljeni na volitvah 7. maja 20239. Ustanovna seja Sveta je [&hellip;]" />
<meta property="og:url" content="http://www.slovenci-zagreb.hr/si/clani-sveta/" />
<meta property="og:site_name" content="Slovenski dom in Svet slovenske nacionalne manjšine Mesta Zagreb" />
<meta property="article:modified_time" content="2026-04-21T10:21:42+00:00" />
<meta property="og:image" content="http://www.slovenci-zagreb.hr/si/wp-content/uploads/sites/2/2014/03/USTANOVNA-SEJA-SSNM-MZ-za-web.jpg" />
<meta name="twitter:label1" content="Est. reading time" />
	<meta name="twitter:data1" content="2 minuti" />
<script type="application/ld+json" class="yoast-schema-graph">{"@context":"https://schema.org","@graph":[{"@type":"WebPage","@id":"http://www.slovenci-zagreb.hr/si/clani-sveta/","url":"http://www.slovenci-zagreb.hr/si/clani-sveta/","name":"Člani Sveta | Slovenski dom in Svet slovenske nacionalne manjšine Mesta Zagreb","isPartOf":{"@id":"http://www.slovenci-zagreb.hr/si/#website"},"datePublished":"2014-03-09T21:52:28+00:00","dateModified":"2026-04-21T10:21:42+00:00","breadcrumb":{"@id":"http://www.slovenci-zagreb.hr/si/clani-sveta/#breadcrumb"},"inLanguage":"sl-SI","potentialAction":[{"@type":"ReadAction","target":["http://www.slovenci-zagreb.hr/si/clani-sveta/"]}]},{"@type":"BreadcrumbList","@id":"http://www.slovenci-zagreb.hr/si/clani-sveta/#breadcrumb","itemListElement":[{"@type":"ListItem","position":1,"name":"Home","item":"http://www.slovenci-zagreb.hr/si/"},{"@type":"ListItem","position":2,"name":"Člani Sveta"}]},{"@type":"WebSite","@id":"http://www.slovenci-zagreb.hr/si/#website","url":"http://www.slovenci-zagreb.hr/si/","name":"Slovenski dom in Svet slovenske nacionalne manjšine Mesta Zagreb","description":"","potentialAction":[{"@type":"SearchAction","target":{"@type":"EntryPoint","urlTemplate":"http://www.slovenci-zagreb.hr/si/?s={search_term_string}"},"query-input":"required name=search_term_string"}],"inLanguage":"sl-SI"}]}</script>
<!-- / Yoast SEO plugin. -->

Člani Sveta | Slovenski dom in Svet slovenske nacionalne manjšine Mesta Zagreb

Po popisu prebivalstva iz leta 2021, Svet slovenske nacionalne manjšine Mesta Zagreb predstavlja 1312 pripadnikov slovenske nacionalne manjšine v Mestu Zagreb. 7. maja 2023 (ko so bile volitve) je bilo v volilni seznam vpisano 1535 pripadnikov slovenske nacionalne manjšine. Svet šteje 25 članov, ki so izvoljeni na volitvah 7. maja 20239. Ustanovna seja Sveta je [&hellip;]

Slovenski dom in Svet slovenske nacionalne manjšine Mesta Zagreb
